 + w. What are the prime factors of p?
2, 5
Let g(w) = 77*w - 3. Let k(p) = -105*p + 328*p + 302*p - 141*p - 16. Let i(a) = 11*g(a) - 2*k(a). What are the prime factors of i(1)?
2, 3, 13
Let d = -18 + 19. Let o = 4 + d. Suppose r + 4*w + 22 = 2*r, 0 = -o*w. List the prime factors of r.
2, 11
Let d = 589 + -348. What are the prime factors of d?
241
Let h = 398 + -231. What are the prime factors of h?
167
Let k(x) = 2*x**2 + 57*x + 2975. List the prime factors of k(0).
5, 7, 17
Suppose -2 = -l - 4*j, 0 = 4*l - 0*j + 3*j - 8. Suppose -v = 10 - l. List the prime factors of (-322)/(-8) - (-2)/v.
2, 5
Let t be (8/40)/((-1)/(-10)). Suppose 2*p - 481 = -q, 0 = 3*p - t*q + 7*q - 725. Suppose 5*i = -i + p. List the prime factors of i.
2, 5
Let a = -1984 + 3049. List the prime factors of a.
3, 5, 71
Suppose 5*i = 3*j - 56, i = -0*i - 1. Let o = -11 + j. Suppose -44 = 2*u - o*u. List the prime factors of u.
11
Suppose -1 = -s - 3. Let t = 13 - s. List the prime factors of (-6)/t - (-94)/10.
3
Let p = 0 - 10. Suppose 5*l = -k - 0*l - 30, -80 = 3*k + 5*l. List the prime factors of (p/k - 2)*-35.
2, 7
Let x(k) = -k**3 + 23*k**2 - 59*k + 22. What are the prime factors of x(20)?
2, 3, 7
List the prime factors of -2*((-2500)/16 + (-1)/4).
313
Let g be (-2)/(-3)*18/4 - -89. Let u = 7 + g. What are the prime factors of u?
3, 11
Let n be (-1)/4 + (-472)/32. List the prime factors of (-2)/(((-6)/n)/(23/(-5))).
23
Suppose 18 = -3*g + 2*y, 0 = -g - 5*y - 4 - 2. Let h = -4 - g. Suppose -t = h*t - 45. List the prime factors of t.
3, 5
Let j = -375 + 680. What are the prime factors of j?
5, 61
Suppose -2*u - 3*m = -150, -u - 5*m = -0*m - 82. Suppose 5*o - 2*o = 12. Suppose u = 4*t - o*p, 11 = t - 2*p - 10. List the prime factors of t.
3, 5
Let v(z) = 2*z**2 - 6*z + 38. Let y(w) = -3*w**2 + 5*w - 39. Let g(l) = -5*v(l) - 4*y(l). What are the prime factors of g(7)?
2, 67
List the prime factors of (-2 - -2) + -7 - (-128 + -3470).
3, 7, 19
Let r = -1177 - -1873. List the prime factors of r.
2, 3, 29
What are the prime factors of 9740/9 + 2 + 40/(-18)?
2, 541
Suppose -8 = -2*z + 4*t, -z - 4*t - 10 + 2 = 0. Suppose z = -5*v - 15, -2*a + 0*v - 12 = 2*v. Let o(y) = -8*y - 4. List the prime factors of o(a).
2, 5
Suppose -3647 = -9*g + 3445. List the prime factors of g.
2, 197
Let t = 1230 + 2947. List the prime factors of t.
4177
Suppose -5*o + 21 + 5 = m, 4*o - 25 = -5*m. Suppose 2*b - 37 = o*f, b + 4*f - 10 = -4*b. What are the prime factors of (b/9)/(2/87)?
29
Let o = 412 - 256. List the prime factors of o.
2, 3, 13
Let l(o) = 4*o**2 + 3*o + 4. Let s(m) = -7*m**2 - 5*m - 7. Let n(z) = 11*l(z) + 6*s(z). Suppose -v = -3, -4*p - 5*v = -2*p - 11. List the prime factors of n(p).
2
Suppose 0 = -0*u - 19*u + 3325. What are the prime factors of u?
5, 7
Let j = -10 + 11. Let d(a) = 4*a - 1. Let f be d(j). Suppose -f*w - 53 = -6*w + c, -4*w + 60 = -4*c. List the prime factors of w.
19
Suppose 0 = -5*x - 0*x - 3500. Let m = -384 - x. What are the prime factors of m?
2, 79
Suppose 3 + 7 = -5*x. What are the prime factors of (-353)/(3 - x - 6)?
353
Let o(z) = z**3 - 15*z**2 - 6*z + 16. Suppose -t + 8 = 2*w, 0 = 2*t + t - 4*w - 64. What are the prime factors of o(t)?
2, 11
Suppose -1162 = -6*p + 1136. What are the prime factors of p?
383
What are the prime factors of 13 + -7 + 103 + 0?
109
List the prime factors of -1*2*6/(-24)*3582.
3, 199
Let m(u) = -5*u**3 + u**2 + 6*u + 12. List the prime factors of m(-4).
2, 3
Let z = -13 + 20. Suppose b = -z - 5. List the prime factors of (8/(-3))/(b/126).
2, 7
Let p(d) = d**3 - 9*d**2 - 17*d + 12. Let h be p(11). Let g = h + 58. What are the prime factors of g?
5
Let a(z) = -4*z - 3. Let w be a(4). Let o = -19 - w. Suppose 0 = -4*b + 12, -3*q + o*q + 87 = 2*b. List the prime factors of q.
3
What are the prime factors of (24/14)/(94/8883)?
2, 3
Suppose c - 4*n = 45, -5*n = -8 - 17. Let d = c + -31. Let u = d + 11. List the prime factors of u.
3, 5
Let c = 709 - -221. List the prime factors of c.
2, 3, 5, 31
Let g(q) = -5*q**3 + 2*q**2 + 2*q + 4. Let m(d) = 2*d**2 - 2 + 6*d + d**2 - 4*d**2. Let c be m(6). List the prime factors of g(c).
2, 3
Let f = 1081 - 301. What are the prime factors of f?
2, 3, 5, 13
Let p(n) = -7*n - 89. Let x be p(-32). Let v = -92 + x. List the prime factors of v.
43
Let a be 3/((4/4)/23). Let l = a - 32. What are the prime factors of l?
37
Suppose 3*o - 2685 = -3*x, 60*o - 62*o = -5*x + 4503. List the prime factors of x.
29, 31
Let p = 46 + 45. Let n = p - -20. List the prime factors of n.
3, 37
Suppose -97*w = -88*w - 36126. List the prime factors of w.
2, 3, 223
Let n(q) = 3*q + 15. Let l be n(-14). Let t = 6 - l. What are the prime factors of t?
3, 11
Let d(x) = 2*x - 8. Let w be d(5). Suppose -2 = 2*c + w, -288 = -4*m + 4*c. What are the prime factors of m?
2, 5, 7
Let i(v) = v**3 - v**2 - 4*v - 3. Let c be i(3). Suppose 5*n + c*w = 750, 2*n + 3*n - 755 = -2*w. List the prime factors of n.
3, 17
Let n be -3*(-6)/9 + 4. Suppose h + 4*b + 6 = n*h, h - 2*b = 0. Suppose -4*o + h*m = -3*o - 13, 4*o - 97 = -m. List the prime factors of o.
23
Let p = 3033 + -969. List the prime factors of p.
2, 3, 43
Let c = 2029 - 821. What are the prime factors of c?
2, 151
Suppose 2*x - 554 = 4*g, -2*x + 2*g = 3*g - 539. Suppose -4*a + x = 5*w - 519, -2*w = -2*a - 334. List the prime factors of w.
2, 3
Suppose 73 + 14 = 3*q. Suppose 11*u = 14*u + 42. Let h = u + q. List the prime factors of h.
3, 5
Suppose 4*d = -0*d - 1500. What are the prime factors of 2*(-4 - d/10)?
67
Let q(a) = a + 5. Let z be q(-7). Let o be ((-1)/(-4))/(z/(-24)). Suppose -2*u - 2*r = -78, -116 = -o*u + 2*r - 4*r. List the prime factors of u.
2, 19
Suppose -18*t + 17820 = 2*t. What are the prime factors of t?
3, 11
Let l = 1991 - -1807. List the prime factors of l.
2, 3, 211
Let r(n) = 26*n + 11. Let d be r(4). Let m = d - 75. What are the prime factors of m?
2, 5
Let o = 40 + -22. Let t(i) = i - 10. Let j be t(14). Suppose 0 = -3*s + u + 4, -j*s = -2*u + 7*u - o. What are the prime factors of s?
2
Suppose 3*d = 7*d - 16. Suppose 4*g + 3*x - 262 = 0, -d*g + 4*x = -282 + 34. What are the prime factors of g?
2
Let o = 1646 + 527. What are the prime factors of o?
41, 53
Let f be ((-10)/5)/(3/(-6)). Let d = 66 + f. List the prime factors of d.
2, 5, 7
Let t = -2935 - -5222. What are the prime factors of t?
2287
Suppose 4 = 4*j, -5*w - j - 79 = -1250. Suppose 9*s - 135 = w. What are the prime factors of s?
41
Let m be 2*13/((-13)/10). List the prime factors of (m/6 + 3)/((-3)/1854).
2, 103
Let c(v) = -v**2 + 5*v + 1. Let w be c(4). Suppose -2 + 12 = w*r. List the prime factors of r.
2
Let b(i) = -i**2 - 7*i + 4. Let v be b(-7). Suppose v*k + k + 175 = 5*f, 2*f + 5*k = 35. Suppose 0*j + f = j. What are the prime factors of j?
2, 3, 5
Let t = -139 - -143. Let z(q) = -25*q - 5. Let n be z(-6). Suppose -139 = -4*y + i, -t*i + n = 4*y + i. List the prime factors of y.
5, 7
Suppose -5*d = -9 - 26. Let v = 16 + d. List the prime factors of v.
23
Suppose -16*m = -2*m - 28. Suppose -5*f + m*b + 0*b = -695, 5*b = -f + 139. List the prime factors of f.
139
Let c = 571 - -244. What are the prime factors of c?
5, 163
Suppose -q + 2*b = -61, -213 = -5*q - b + 92. Let o be (-104)/130*30/(-2). Suppose v = q - o. What are the prime factors of v?
7
Let o = 12 + -6. What are the prime factors of 1*44 + 5/(-10)*o?
41
Let v be 170/70 - 3/7. Suppose v*k + 36 = -0*k. Let m = 6 - k. List the prime factors of m.
2, 3
Let g = 485 - 115. What are the prime factors of (0 + 12/(-30))*g/(-1)?
2, 37
Let o(s) = -s**2 - 82*s - 69. What are the prime factors of o(-55)?
2, 3, 59
List the prime factors of 2/(((-51)/(-2796))/17).
2, 233
Let w(x) = -x**2 - 9*x + 7. Let o be w(-10). What are the prime factors of (-73)/(-1)*(o + 4)?
73
Suppose -3*z + 5*v = -1349, 4*v - 2*v + 451 = z. Let w = z - 285. What are the prime factors of w?
2, 79
Suppose -3*s - 7 = -13. List the prime factors of -1*(-12 - (1 - s)).
11
Let v = 259 + -161. List the prime factors of v.
2, 7
Let j be (-198)/(-11) - 2*1. Suppose j = -r + 5*r. Suppose -r*s + 122 = 5*d, -d - 3*s = -9 - 11. What are the prime factors of d?
2, 13
Let a = 12 + 96. Let o = -41 + a. Suppose -o = -2*k + 5*q, -q + 136 = 5*k - 3*q. List the prime factors of k.
2, 1